- (-4 - 53248/28)?
2, 953
Suppose p - 4*v = -v + 11, -5*v = -2*p + 20. Suppose 231 = -2*f + p*f. Let i = 128 - f. What are the prime factors of i?
3, 17
Suppose 0 = o + 7*o - 16. Suppose 3 = -o*a - w, 5*w - 3*w = -6. Suppose 2*s - 28 = -a*s. What are the prime factors of s?
2, 7
What are the prime factors of ((-28)/(-28))/((-2)/(-2328))?
2, 3, 97
Let z(y) = 18*y**3 + y**2 + 4*y + 5. List the prime factors of z(3).
2
Suppose -4*z = a + 34, 0 = 2*z - 2*a - 3*a + 28. List the prime factors of z/(-27) + (-532)/(-6) + 0.
89
Suppose 2626 = 45*u - 32*u. What are the prime factors of u?
2, 101
Let k = 1362 - 883. What are the prime factors of k?
479
List the prime factors of 22*6 + (-67)/(-67).
7, 19
Suppose -1368 = -4*m + 3*f - 8*f, -2*f = 4*m - 1368. List the prime factors of m.
2, 3, 19
Let q(i) = -4*i + 11. Let j be q(2). List the prime factors of (-92 - (-9)/j)/(-1).
89
Suppose 0 = -2*a - 3*a + 2785. Suppose -w + 2393 - a = 0. List the prime factors of w/30 - (-2)/(-10).
61
List the prime factors of 1093*(2 - (-3 + 4)).
1093
Suppose 29*l + l - 60 = 0. Suppose 276 = 2*k - 132. What are the prime factors of l + (-2)/((-8)/k)?
53
Suppose -2*g + 25 = 3*g, -16 = u - g. What are the prime factors of 2/u - (-1839)/11?
167
Suppose 312 - 76 = 5*p + u, 5*p = -5*u + 220. List the prime factors of (-2578)/(-16) + (-3)/p*2.
7, 23
Let v(s) be the third derivative of s**6/120 - 2*s**5/15 - s**4/8 + 5*s**3/3 + 8*s**2. List the prime factors of v(9).
2
Suppose -2*o - 2 + 0 = 0. Let v(c) = -15 - 13*c**3 + 39 - 23. What are the prime factors of v(o)?
2, 7
Suppose 2*p - 1800 = -4*p. What are the prime factors of p?
2, 3, 5
Let q = -148 + 502. List the prime factors of q.
2, 3, 59
Suppose m - 665 = t, 17*m - 13*m = 5*t + 2665. What are the prime factors of m?
2, 3, 5, 11
Let u be 0 + 5/(-25)*0. List the prime factors of 92 - (u - (-1 - 0)).
7, 13
Let m = 3564 - 2139. List the prime factors of m.
3, 5, 19
Let g(z) = z**3 - 19*z**2 + z + 46. What are the prime factors of g(19)?
5, 13
Suppose w = 5*u - 72, -4*u + 29 + 16 = -5*w. Suppose 5*z - 4*t = 48 - u, -5*z + 2*t = -29. Suppose z = -4*q + 73. What are the prime factors of q?
17
Let u(o) = -3*o - 10. Let r be u(-2). Let p(a) = 6*a**2 - 5*a + 3. What are the prime factors of p(r)?
7, 17
Suppose -2*w - w - 3*k + 48 = 0, 3*w - 5*k = 48. Suppose 4*c - 2*d = -4, 0 = 7*c - 3*c + 3*d - w. Suppose 2*l + c = 25. What are the prime factors of l?
2, 3
Let d be (-33)/(-12) + 9/(-12). Suppose d*s = 2*r - 94, 5*r - r - 173 = s. List the prime factors of r.
2, 3, 7
Suppose -560 = -3*q + 229. List the prime factors of q.
263
Let r(k) be the third derivative of -7*k**4/12 + 3*k**3/2 + 31*k**2. What are the prime factors of r(-13)?
191
Suppose -5*n + 1445 = -715. What are the prime factors of n?
2, 3
Suppose -14*b + 1 = -15*b. Let i = 2 - b. What are the prime factors of i?
3
Let f(i) = 26*i**3 - 2*i + 1. Let c be (5 + (-4 - 0))*0. Suppose -u + 1 = -c. List the prime factors of f(u).
5
Suppose 0 = 5*n + 5*m - 30, -3*n + 18 = 4*m - 2*m. Let b(i) = i**3 + 4*i**2 + 2*i + 3. Let a be b(-4). Let j = n - a. List the prime factors of j.
11
Let y(b) = b**3 - 9*b**2 + 9. Let n be y(9). Suppose n*r - 167 = 364. List the prime factors of r.
59
Suppose -204684 = -72*v - 76*v. What are the prime factors of v?
3, 461
Suppose 3467 = 12*x - 745. What are the prime factors of x?
3, 13
Let m be (-2)/(-8) - 33/(-12). Suppose -400 = -19*y + 35*y. List the prime factors of (-640)/y + m/(-5).
5
Let q be 0 + -2 + (-6)/(-3). Suppose q = 4*v + 3*v - 287. What are the prime factors of v?
41
Let u be -2 + 1/2*14. Suppose -4*f + u*f = 33. What are the prime factors of f?
3, 11
Let s be (2/(-4))/((42/48)/7). List the prime factors of (1972/44 - 2/(-11)) + s.
41
What are the prime factors of 1/(3/(-5568)*-2) - -1?
929
Suppose 22*k - 45 = 25*k. Let u = k - -47. What are the prime factors of u?
2
Let f = 34 - 38. What are the prime factors of -2 + (-1 - 308/f)?
2, 37
Let i(a) = a + 18. Let n be i(-6). Suppose -n*o + 9*o = -243. What are the prime factors of o?
3
Let w(q) = q**2 - 8*q - 37. Let x be w(-28). Suppose -7*h = -163 - x. List the prime factors of h.
2, 3
Let r be (-3 - -6)/(6/(-20)). What are the prime factors of 678/3 + r/(-2)?
3, 7, 11
Suppose 0 = -5*t - 3 - 12. Let z(a) = -4*a**3 + 4*a**2 + 9 - a + 6 - 17 + 5*a**3. What are the prime factors of z(t)?
2, 5
Let l = 462 + -222. Let y = l + -167. What are the prime factors of y?
73
Let l(o) = o - 1. Let c(k) = 8*k - 12. Let i(z) = 2*c(z) - 6*l(z). List the prime factors of i(8).
2, 31
List the prime factors of (31/3)/((-6)/936*-13).
2, 31
Let j = 5511 + -1284. What are the prime factors of j?
3, 1409
Suppose -436 = 75*p - 76*p. What are the prime factors of p?
2, 109
Suppose 0 = 69*h + 9*h - 202098. What are the prime factors of h?
2591
Let y = 1070 - 981. What are the prime factors of y?
89
Suppose -3*g = -2*g + 5*q + 31, 4*q = 5*g + 10. Let d(o) = -o**3 - 5*o**2 - o - 7. What are the prime factors of d(g)?
5, 7
Let z(q) = 3*q + 6. Let s be z(11). Suppose -3*b - s + 138 = 0. Suppose -b = -4*w + 23. What are the prime factors of w?
2, 7
Let a = 11 - 3. Suppose -n = -a*n + 539. What are the prime factors of n?
7, 11
Let l(n) = 2*n**2 - n + 18. What are the prime factors of l(23)?
3, 13
Let v be 4*(0 - -3) - 1. Suppose 0 = -5*s - 22 + 147. Let c = s - v. What are the prime factors of c?
2, 7
Suppose -5*z = 27*z - 197856. List the prime factors of z.
3, 229
Suppose -l = 9*l + 760. Let c = 46 - l. What are the prime factors of c?
2, 61
Suppose -7609 = -27*v + 10481. What are the prime factors of v?
2, 5, 67
Let u(w) = -w**2 - 14*w + 3*w**3 + 5 + w**2 - 7*w**2 - 2*w**3. List the prime factors of u(9).
41
Let z = -439 - -634. List the prime factors of z.
3, 5, 13
Let m(a) = 2*a**3 - 63*a**2 - 13*a - 50. What are the prime factors of m(32)?
2, 3, 31
Suppose m - 4*m + 1465 = 2*a, -2*a = 5*m - 2447. Suppose 4*k + 289 = y, m = 2*y - 2*k - 99. List the prime factors of y.
3, 11
Suppose -6*k = 103*k - 189660. What are the prime factors of k?
2, 3, 5, 29
Let i(f) = f**2 + 3*f + 1. Let w be i(7). Suppose 0 = -3*y + 139 + w. List the prime factors of y.
2, 5, 7
Let t(i) = i**3 - 10*i**2 + 2*i + 9. Let z be t(10). Suppose 2*u - z - 91 = 0. Suppose 4*o = 2*o + u. List the prime factors of o.
2, 3, 5
Suppose -f + 3 = o, 0 = -3*f - f + 5*o + 30. Let k(l) be the second derivative of 2*l**3/3 + 5*l**2/2 + 4*l - 10. What are the prime factors of k(f)?
5
Let y be (-2)/(-4) - (-33)/6. What are the prime factors of (y + 2)*(348/(-8))/(-3)?
2, 29
Let h = 26 + 21. Let q = h - -5. List the prime factors of q.
2, 13
Let a(y) = -177*y + 582. What are the prime factors of a(-22)?
2, 3, 373
Let g(m) = 2*m**2 - 5*m + 3. Let k be g(3). Let r(z) = -k*z + 0 + 16*z - 2 - 4. List the prime factors of r(3).
2, 3
Suppose 0 = c + 4 - 10. Let x be (1/(-1))/(2/(-6)). What are the prime factors of (x/c)/((-1)/(-22))?
11
Suppose -11*s = -4*s + 21. What are the prime factors of s - 3/((-9)/267)?
2, 43
What are the prime factors of -4*(-23 + 9/(-3))?
2, 13
Let c(x) = -351*x - 35. What are the prime factors of c(-15)?
2, 5, 523
Let b(i) = 2*i**2 + 3*i - 3. Let h(x) = x**2 + x - 2. Let a(m) = -2*b(m) + 5*h(m). What are the prime factors of a(3)?
2
Let t = 1020 - -1565. List the prime factors of t.
5, 11, 47
Let n = 2 + 2. Suppose n*v - 5*r - 15 = 194, 2*v - 4*r - 106 = 0. What are the prime factors of v?
3, 17
Suppose -2*o - 5 = -9, -4*i + 50 = 5*o. List the prime factors of i.
2, 5
Let t(o) be the first derivative of -15*o**2/2 + 49*o - 27. List the prime factors of t(-10).
199
Suppose 17*s = 18*s - 69. Let v = -39 + s. What are the prime factors of v?
2, 3, 5
Suppose 3*j + 124 = -4*w, 4*j = 3*j + 4*w - 36. What are the prime factors of 332/5 + (-24)/j?
67
Suppose -3*j = -539 - 646. List the prime factors of j.
5, 79
Let k(p) be the second derivative of -p**3/2 + 4*p**2 - p. Let n be (-3)/(15/100*4). List the prime factors of k(n).
23
Suppose 36*t - 41*t + 25 = 0. Suppose 3*v = -2*b + 166, t*b - 4*b = -4*v + 83. List the prime factors of b.
83
Let o(b) = -b**2 - 3*b - 7. Suppose -5 - 15 = 4*f. Let m be o(f). Let n = m - -34. List the prime factors of n.
17
Suppose -11*m + 844 = -47. List the prime factors of 6/27 + 11565/m.
11, 13
Let f = 46 - 42. S